{"id":70,"date":"2026-03-11T16:46:29","date_gmt":"2026-03-11T09:46:29","guid":{"rendered":"https:\/\/chamviviet.com.vn\/?post_type=product&#038;p=70"},"modified":"2026-03-11T16:47:58","modified_gmt":"2026-03-11T09:47:58","slug":"pho","status":"publish","type":"product","link":"https:\/\/chamviviet.com.vn\/?product=pho","title":{"rendered":"Ph\u1edf"},"content":{"rendered":"<p>Xu h\u01b0\u1edbng &#8220;Home-cooking&#8221; \u0111ang r\u1ea5t hot. B\u1ea1n c\u00f3 th\u1ec3 b\u00e1n c\u00e1c set g\u1ed3m: c\u1ed1t n\u01b0\u1edbc l\u00e8o c\u00f4 \u0111\u1eb7c, b\u00e1nh ph\u1edf kh\u00f4\/t\u01b0\u01a1i h\u00fat ch\u00e2n kh\u00f4ng, g\u00f3i gia v\u1ecb th\u1ea3o m\u1ed9c (qu\u1ebf, h\u1ed3i) v\u00e0 h\u01b0\u1edbng d\u1eabn chi ti\u1ebft. H\u00ecnh th\u1ee9c n\u00e0y gi\u1ea3i quy\u1ebft \u0111\u01b0\u1ee3c v\u1ea5n \u0111\u1ec1 &#8220;th\u00e8m v\u1ecb qu\u00ea&#8221; c\u1ee7a nh\u1eefng ng\u01b0\u1eddi b\u1eadn r\u1ed9n nh\u01b0ng v\u1eabn mu\u1ed1n \u0103n n\u00f3ng h\u1ed5i t\u1ea1i nh\u00e0.<\/p>\n","protected":false},"excerpt":{"rendered":"<p>G\u00f3i g\u1ecdn tinh t\u00fay m\u00f3n \u0103n trong m\u1ed9t chi\u1ebfc h\u1ed9p, kh\u00e1ch h\u00e0ng ch\u1ec9 c\u1ea7n 15-30 ph\u00fat ch\u1ebf bi\u1ebfn t\u1ea1i nh\u00e0 theo h\u01b0\u1edbng d\u1eabn.<\/p>\n","protected":false},"featured_media":74,"comment_status":"open","ping_status":"closed","template":"","meta":[],"product_brand":[],"product_cat":[23],"product_tag":[],"class_list":{"0":"post-70","1":"product","2":"type-product","3":"status-publish","4":"has-post-thumbnail","6":"product_cat-dac-san-nuoc","8":"first","9":"instock","10":"sale","11":"shipping-taxable","12":"purchasable","13":"product-type-variable"},"jetpack_sharing_enabled":true,"_links":{"self":[{"href":"https:\/\/chamviviet.com.vn\/index.php?rest_route=\/wp\/v2\/product\/70","targetHints":{"allow":["GET"]}}],"collection":[{"href":"https:\/\/chamviviet.com.vn\/index.php?rest_route=\/wp\/v2\/product"}],"about":[{"href":"https:\/\/chamviviet.com.vn\/index.php?rest_route=\/wp\/v2\/types\/product"}],"replies":[{"embeddable":true,"href":"https:\/\/chamviviet.com.vn\/index.php?rest_route=%2Fwp%2Fv2%2Fcomments&post=70"}],"wp:featuredmedia":[{"embeddable":true,"href":"https:\/\/chamviviet.com.vn\/index.php?rest_route=\/wp\/v2\/media\/74"}],"wp:attachment":[{"href":"https:\/\/chamviviet.com.vn\/index.php?rest_route=%2Fwp%2Fv2%2Fmedia&parent=70"}],"wp:term":[{"taxonomy":"product_brand","embeddable":true,"href":"https:\/\/chamviviet.com.vn\/index.php?rest_route=%2Fwp%2Fv2%2Fproduct_brand&post=70"},{"taxonomy":"product_cat","embeddable":true,"href":"https:\/\/chamviviet.com.vn\/index.php?rest_route=%2Fwp%2Fv2%2Fproduct_cat&post=70"},{"taxonomy":"product_tag","embeddable":true,"href":"https:\/\/chamviviet.com.vn\/index.php?rest_route=%2Fwp%2Fv2%2Fproduct_tag&post=70"}],"curies":[{"name":"wp","href":"https:\/\/api.w.org\/{rel}","templated":true}]}}